 - -122?
11101
In base 16, what is 2 + f4e?
f50
In base 2, what is -1101000 + 100?
-1100100
In base 7, what is -430 - 0?
-430
In base 5, what is 12 - 3031?
-3014
In base 7, what is 263 - -5?
301
In base 2, what is 1100 - 11001110111?
-11001101011
In base 5, what is 1 - 4322?
-4321
In base 7, what is 131 + 5?
136
In base 10, what is 3 - -122?
125
In base 8, what is -4 + -7554?
-7560
In base 14, what is 5 - 113?
-10c
In base 2, what is -100100 + 10000?
-10100
In base 12, what is -572 + 3?
-56b
In base 13, what is -3aa - -7?
-3a3
In base 13, what is 22c - -4?
233
In base 14, what is -49 + 5?
-44
In base 14, what is 41 - 7?
38
In base 4, what is -31310 - -1?
-31303
In base 4, what is 2 - 112322?
-112320
In base 5, what is 144 + 4?
203
In base 4, what is -1111 - -32?
-1013
In base 11, what is -34 + 4?
-30
In base 5, what is 4 - -31?
40
In base 4, what is 2210 - -30?
2300
In base 3, what is -1012 - -121?
-121
In base 7, what is 5 - -2422?
2430
In base 3, what is -121 - 1122?
-2020
In base 16, what is -6a - 5?
-6f
In base 3, what is 120 + 10?
200
In base 14, what is 2 + -4d?
-4b
In base 16, what is -a + -19?
-23
In base 16, what is 0 + c3?
c3
In base 7, what is -3163 - 1?
-3164
In base 12, what is 1 + -72?
-71
In base 12, what is 4 - -16?
1a
In base 12, what is -3 + 534?
531
In base 11, what is -4 - 3205?
-3209
In base 5, what is -3 - -110320?
110312
In base 14, what is -11 - 38?
-49
In base 7, what is -1 + -4362?
-4363
In base 9, what is 338 + -63?
265
In base 2, what is -1110011001001 + 11?
-1110011000110
In base 11, what is 5 + a1a?
a24
In base 9, what is -4 - -62?
57
In base 7, what is -4 + -1413?
-1420
In base 3, what is 0 + 11110?
11110
In base 3, what is -102120 + -11?
-102201
In base 3, what is -102011 + -10?
-102021
In base 6, what is 221220 - 3?
221213
In base 3, what is 2 + 11011?
11020
In base 3, what is -1 + 1102?
1101
In base 3, what is -1000 + -11021?
-12021
In base 14, what is -2 + 29?
27
In base 8, what is -1023 + 31?
-772
In base 15, what is 2 - 216?
-214
In base 13, what is 43 - 50?
-a
In base 14, what is 10 + 0?
10
In base 16, what is 4a - -5?
4f
In base 9, what is -52 - 6?
-58
In base 2, what is -1000011001 + 1?
-1000011000
In base 13, what is 1 - 14c5?
-14c4
In base 16, what is -5 + b?
6
In base 11, what is 1 + -26a?
-269
In base 3, what is 220212 - 11?
220201
In base 14, what is -5 + 1a54?
1a4d
In base 10, what is -16038 - 3?
-16041
In base 9, what is 46 + 37?
84
In base 16, what is 14 - f?
5
In base 6, what is 4 - -520?
524
In base 4, what is 3 + -12?
-3
In base 2, what is 1110111 - 1?
1110110
In base 8, what is -3172 - 1?
-3173
In base 7, what is 44 + -4?
40
In base 7, what is -2063 - 6?
-2102
In base 15, what is -2 - 2a?
-2c
In base 6, what is -4441 - -1?
-4440
In base 8, what is 336 - -11?
347
In base 9, what is -2523 - 5?
-2528
In base 12, what is 98 + 19?
b5
In base 16, what is 0 + db?
db
In base 7, what is -3163 + 0?
-3163
In base 3, what is 2002 + 112?
2121
In base 15, what is 1 + 6?
7
In base 4, what is 13 - 10323?
-10310
In base 6, what is 0 - 1140?
-1140
In base 4, what is -20 - -2330?
2310
In base 12, what is -2 + a4?
a2
In base 7, what is 12212 - 1?
12211
In base 13, what is -2 + -211?
-213
In base 6, what is 423 + -4?
415
In base 5, what is 11043 + 1?
11044
In base 10, what is 2 + -245?
-243
In base 5, what is 0 + -2102?
-2102
In base 5, what is -21013 - 1?
-21014
In base 4, what is -1101 - -1?
-1100
In base 2, what is -1 + -1101101?
-1101110
In base 5, what is -12 + -203?
-220
In base 16, what is 1c2 - -4?
1c6
In base 5, what is 2 + -344?
-342
In base 16, what is -4 - ab?
-af
In base 6, what is 433 - 4?
425
In base 2, what is -100 - -11000100001?
11000011101
In base 14, what is 22 - 103?
-c1
In base 3, what is 222 + -22?
200
In base 7, what is 0 + -6?
-6
In base 3, what is 11112 - 112?
11000
In base 6, what is -1523 - 1?
-1524
In base 10, what is -4 - 47?
-51
In base 10, what is -449 - 0?
-449
In base 4, what is 10 + 202?
212
In base 6, what is -21 - 53?
-114
In base 10, what is 540 + -1?
539
In base 12, what is -2 + -45a?
-460
In base 7, what is 401 - -3?
404
In base 13, what is 0 + -397?
-397
In base 4, what is 301 - 212?
23
In base 3, what is 10 + -2?
1
In base 5, what is -1 + 13340?
13334
In base 13, what is 1242 - 2?
1240
In base 14, what is -53 - 6c?
-c1
In base 13, what is c - -23?
32
In base 3, what is 0 - 11021?
-11021
In base 3, what is 20 + -10?
10
In base 9, what is -1738 + 2?
-1736
In base 5, what is 4 + -410?
-401
In base 15, what is 15 - 13b?
-126
In base 12, what is 6640 - -2?
6642
In base 14, what is 503 + -1?
502
In base 13, what is -38 - -4?
-34
In base 5, what is 1031 + -3?
1023
In base 3, what is 0 - 11?
-11
In base 3, what is -2 - -1011020?
1011011
In base 11, what is -28 + -5?
-32
In base 12, what is b - b?
0
In base 15, what is -b9 + 13?
-a6
In base 13, what is 875 + -4?
871
In base 2, what is 11110110011 - -101?
11110111000
In base 4, what is -20322033 + 11?
-20322022
In base 6, what is -2522 + 5?
-2513
In base 15, what is -109 + -4?
-10d
In base 14, what is -b4 + 12c?
58
In base 12, what is -45b + 0?
-45b
In base 5, what is -11 - 1020?
-1031
In base 15, what is 119 + 3?
11c
In base 16, what is -3 + -b?
-e
In base 16, what is 9a3 + -3?
9a0
In base 5, what is -11 + 10342?
10331
In base 15, what is ae - 1?
ad
In base 3, what is 11 + -111?
-100
In base 3, what is -2112 + -1?
-2120
In base 10, what is 6 - -78?
84
In base 7, what is 12421 + 1?
12422
In base 10, what is 3 + -347?
-344
In base 16, what is -1b + -7?
-22
In base 4, what is -2300 - 1?
-2301
In base 13, what is 4 - -b?
12
In base 9, what is 102 + -4?
87
In base 8, what is -156 + -53?
-231
In base 11, what is 529 + 31?
55a
In base 8, what is -74 + -6?
-102
In base 10, what is 17 + -7?
10
In base 6, what is -1 - -143?
142
In base 13, what is -1 + 464?
463
In base 13, what is 17 + 0?
17
In base 12, what is -210 - 20?
-230
In base 14, what is 6a - 170?
-104
In base 7, what is -111 + -213?
-324
In base 14, what is 0 - -76?
76
In base 2, what is 1001000111111 + 11?
1001001000010
In base 15, what is -5 + -1aa?
-1b0
In base 3, what is 0 + 21201?
21201
In base 11, what is 2 - -12?
14
In base 4, what is 32 + 200221?
200313
In base 13, what is 6 + -3a?
-34
In base 4, what is 1012311 + 10?
1012321
In base 15, what is 4 + 35?
39
In base 12, what is -5 + 41?
38
In base 9, what is 1 - -2?
3
In base 10, what is -1 - -202?
201
In base 9, what is 605 + 4?
610
In base 11, what is 5 - -42?
47
In base 11, what is 225 - -5?
22a
In base 2, what is -10010010110 - 1?
-10010010111
In base 15, what is -12 + d?
-4
In base 16, what is -161 - 14?
-175
In base 5, what is -3 + -21?
-24
In base 9, what is 16 - -5?
22
In base 7, what is 464 + 4?
501
In base 7, what is 2 - 31250?
-31245
In base 7, what is 11 + 3100?
3111
In base 3, what is 11 - 221211?
-221200
In base 12, what is -1a4 - -2?
-1a2
In base 15, what is -c - -4?
-8
In base 5, what is -120 - 104?
-224
In base 13, what is 4 - 20a?
-206
In base 4, what is -12313 - 11?
-12330
In base 10, what is 0 + 467?
467
In base 6, what is -14 + -120?
-134
In base 4, what is 10 - 310?
-300
In base 16, what is 0 - 6dd?
-6dd
In base 8, what is -656 + -5?
-663
In base 11, what is 16 + -740?
-725
In base 6, what is -14 + -154?
-212
In base 11, what is -407 - 2?
-409
In base 13, what is -1 - 194?
-195
In base 5, what is -3 - 1311?
-1314
In base 3, what is 1 - 202100?
-202022
In base 9, what is -11 - 177?
-188
In base 10, what is 5 + 1978?
1983
In base 11, what is -78 + 2a2?
225
In base 15, what is -1e + -68?
-87
In base 11, what is -3787 + 4?
-3783
In base 15, what is -d - 5?
-13
In base 15, what is -d7 - -4?
-d3
In base 16, what is 1 - -3fd?
3fe
In base 2, what is -11 + -1001110?
-1010001
In base 15, what is e2 - -2?
e4
In base 5, what is -3231 - -4?
-3222
In base 2, what is -1 - -11001010?
11001001
In base 8, what is 13 + 27?
42
In base 13, what is -2 - -44?
42
In base 15, what is -34c2 - 3?
-34c5
In base 9, what is 26 - 1663?
-1636
In base 4, what is -2320 - -3?
-2311
In base 2, what is -11 - 1?
-100
In base 5, what is 2 - -104?
111
In base 6, what is -3 - -5?
2
In base 2, what is -1110 + -1111?
-11101
In base 6, what is -13 + -14?
-31
In base 3, what is 11102 + 11?
11120
In base 13, what is 65 + -11?
54
In base 3, wha